(7). Let h = n + m. Calculate d(h).
8
Suppose -613 + 2684 = 109*m. Let l(b) = b**3 - 18*b**2 - 16*b - 51. Give l(m).
6
Let m(c) = 11*c**3 + 11*c**2 + 9. Let y(u) = u + 257 + 10*u**2 + 9*u**3 - 249 - 2*u. Let o(d) = -5*m(d) + 6*y(d). Calculate o(4).
-5
Suppose 3*n - 11 = -l, 5*n + 5 = 10*n - 5*l. Let h be 23/3 + (-1)/(-3). Let s(w) = -w + h + n*w + 3*w - 2*w. What is s(-6)?
-10
Let q(n) = -295553*n**3 + 295554*n**3 + 1 + 5*n**2 - n - 4. Determine q(-6).
-33
Let v be (3 + (-9)/6)*(-296)/(-12). Let g(d) = -45 - 4*d + d - v + 86. What is g(4)?
-8
Let l = -35 + 34. Suppose -5*x + 10 + 5 = 0. Let c(o) = 0*o**2 - x*o**2 + 0 - 1. Calculate c(l).
-4
Let c(n) = 430*n - 8*n**2 + 424*n + 425*n + 424*n + 1 - 1693*n. What is c(-1)?
-17
Let g(m) = -11*m**2 + 9*m**2 - 3 + m**3 - 22*m**2 - 2*m + 13*m**2. Let o(s) = -s**3 + 12*s**2 + 2*s + 4. Let l(c) = -4*g(c) - 3*o(c). Determine l(8).
16
Let q(s) = s - 2. Let f be q(5). Let x(m) be the third derivative of 0*m + 1/6*m**3 + 0 - 25*m**2 + 1/12*m**4. Calculate x(f).
7
Let o = 49 + -41. Let l = -134 + 137. Suppose l - o = 5*v. Let u(c) = -5*c**2 - c. Calculate u(v).
-4
Let f(p) = 2*p**2 - 13*p + 2. Suppose -5*d - 2*a - 40 = -58, 3*a + 48 = 5*d. Calculate f(d).
-4
Let y(h) = h**2 - 5*h - 3. Suppose 3*z - 3 = -2*m + 3, -3 = m. Suppose -8 = -x - v, z*v - 18 = 2. Suppose x*f = 5*c - 17, -5*c - f - 2*f = -23. Give y(c).
-7
Let j(y) = -24*y - 9 + 137*y**2 + 17*y - 139*y**2 - 2*y. What is j(-3)?
0
Let z(m) = -12 - 49 - 17 + m + 7*m + 16. Calculate z(8).
2
Let z(x) = -x**3 + 4*x**2 + 5*x + 2. Let f be z(5). Let j(k) = 451*k**2 + f + 7*k - 450*k**2 - 2. Determine j(-8).
8
Let n be 1/(1/(4 + -15)). Let s(a) = a - 1. Let o(g) = -6*g - 49. Let y(r) = -o(r) - 2*s(r). Let f be y(n). Let m(v) = 2*v + 3. Determine m(f).
17
Let a(l) be the second derivative of -l**4/12 + 4*l**3/3 + l**2/2 + 19*l + 11. Let b be (-35)/10*(1 + 3 + -6). Give a(b).
8
Let w(b) = -5*b**2 - 25*b - 8. Let q(n) = 6*n**2 + 29*n + 7. Let j(l) = -6*q(l) - 7*w(l). Give j(5).
-6
Let o(b) = -97*b**2 - 72*b - 19. Let w(c) = 75*c**2 + 53*c + 14. Let l(i) = 7*o(i) + 9*w(i). Give l(-6).
11
Suppose 21*q - 8 + 5 = -45. Let m(a) = -2*a**3 + 2*a - 4*a**3 - 4*a**2 - 4*a. Give m(q).
36
Let j be 54/(-9) - 2*(-22)/4. Suppose 48 = -3*r + q, -19 = r + j*q - 3. Let t(k) = -k**3 - 16*k**2 + 1. Determine t(r).
1
Suppose -149*d + 252 = -146*d. Let k(r) = 45*r**3 + 65 - 44*r**3 - d. What is k(0)?
-19
Let s(m) = -2*m**2 + 3. Let h(a) = -a**2 + 4. Let r(i) = 4*h(i) - 5*s(i). Let t(x) = -x**2 - 51*x - 40*x + 101 + 80*x. Let o be t(6). Determine r(o).
7
Let q(s) = 2*s**3 - 38*s**2 - 41*s + 23. Let f be q(20). Let v(y) = -5 - 1357*y**2 - 2*y**f + 1351*y**2 + 3*y**3 + 4*y. What is v(6)?
19
Let u(t) = 147*t - 12504. Let i be u(85). Let n(b) = -b**3 + 3*b**3 + 8*b**2 - 4 - 9*b - b**3. Determine n(i).
-4
Let d(k) = -k**2 + 1. Let t(y) = 2 - y**2 - 3*y**2 + 0*y**2 + 2*y**2 - 2*y. Let v(q) = 4*d(q) - t(q). Give v(3).
-10
Let l(h) be the third derivative of h**4/24 - h**3/2 + h**2. Let o be ((-100)/(-7))/(39/273). Let w be -6*(o/(-15))/(-10). Give l(w).
-7
Let q(c) = -11*c**3 - 9*c**2 + 2*c - 11. Let t(a) = 13*a**3 + 10*a**2 - 3*a + 12. Let o(f) = 7*q(f) + 6*t(f). Let h be (6/15)/(3 + (-29)/10). Calculate o(h).
-5
Let f(l) = -25*l**2 - 242*l + 457. Let y(m) = 3*m**2 + 27*m - 57. Let b(a) = -2*f(a) - 17*y(a). What is b(-2)?
1
Let n(d) = d**3 - 28*d**2 + 54*d - 30. Suppose 0 = -160*l + 175*l - 131 - 259. Determine n(l).
22
Let s(x) = 3*x + 48. Let d = 3291 - 3313. Determine s(d).
-18
Let g(b) = -1 + 453*b + 14*b**3 - 936*b + 483*b. Determine g(1).
13
Let z(b) = b**2 - 37*b + 333. Suppose g - 8*g + 6*g = -15. Determine z(g).
3
Let g(h) be the first derivative of h**4/12 + h**3 - 146*h + 45. Let z(o) be the first derivative of g(o). What is z(-4)?
-8
Let j be 6*(1608/36 - (2 + -5)). Let m = j + -287. Let h(d) = -3*d + 1. Calculate h(m).
4
Let t be 1/(-1) + 0 + 1. Let c(l) be the third derivative of -l**6/120 - l**5/60 - 7*l**3/6 - 10*l**2 - 589. What is c(t)?
-7
Let a(t) = 1239 - 1244 - 3*t + 6*t. Let w = -3 + 7. What is a(w)?
7
Let j(p) = p - 15. Let m = 587 + -579. Suppose 382 = m*l + 310. Determine j(l).
-6
Let i(b) = 8*b**3 - b**2 + b + 1. Suppose 18*n - 21*n = -21. Suppose 39*d - 46*d = n. What is i(d)?
-9
Let f(p) be the first derivative of -7*p**3/3 + p**2 + p + 4. Suppose 0 = -6*i - 3 + 3. Suppose i = -5*t - 28 + 23. Calculate f(t).
-8
Let j = -6 - -4. Let a(w) be the third derivative of 0 + 5/24*w**4 + 0*w - 1/3*w**3 - 66*w**2. What is a(j)?
-12
Let u(b) be the second derivative of -1/24*b**4 + 0 - 26*b - 1/6*b**3 - 9*b**2. Let m(k) be the first derivative of u(k). What is m(-3)?
2
Let h(j) = -j**2. Let s(u) = 2*u**2 + u + 4. Let a(w) = 3*h(w) + s(w). Let z = -25 - -28. What is a(z)?
-2
Let y be 419/1676 + (-2)/8. Suppose -2*h + 1 = -3. Let u(x) = -2 - h*x**2 + x**2 + 7. Give u(y).
5
Suppose -1212 = -6*y - 48. Let r = -198 + y. Let g(d) = d + 5. Determine g(r).
1
Let b be (-6*(-7)/63)/(4/102). Suppose -3*i = 9, 4*o = 2*i + i + b. Let z(r) = r**3 + r**2 + 3*r - 1. Determine z(o).
17
Suppose 191*f - 103*f + 9 = 97*f. Let r(d) = -2*d**2 - 16*d + 15. Give r(f).
-3
Let k(i) be the first derivative of i**4/4 - i**2/2 - i + 7. Suppose -3*n - 4 = 2*r, 0 = 3*r - 0*r - 5*n - 32. Suppose r*t = -5 + 13. Determine k(t).
5
Let i(u) = 9*u + 2. Suppose q + 0 = 6*s + 15, 0 = -4*q - 12. Let c(r) = -1 + 3 - 1 + 4*r. Let f(w) = s*i(w) + 7*c(w). Calculate f(7).
8
Let w(f) = -12*f**2 - 11*f - 3. Let u(a) = 17*a**2 + 13*a + 3. Let y(n) = 2*u(n) + 3*w(n). Give y(-4).
-7
Let t be 69/(-46)*252/(-27). Let l(i) = -45*i + 625. Determine l(t).
-5
Let t be (-9)/21*(-7 - 0). Suppose -t*o + q = -1460, 988 = -2*o + 4*o + 3*q. Let l(a) = 3 + 1 - 489*a + o*a. What is l(-3)?
7
Let t be 1330/350 + ((-16)/10)/2. Let x be 2 + 2 + -4 - -4. Let k(f) = t*f + 9 - 9 - 7 - x*f. Calculate k(0).
-7
Suppose -2*n - 17 = -3*q - 45, -3*n - 43 = 4*q. Let u(y) = y**3 + 9*y**2 - 14*y - 19. Calculate u(q).
21
Let i(l) be the third derivative of l**7/2520 - l**6/240 - 53*l**5/60 - 52*l**2. Let o(m) be the third derivative of i(m). Give o(-5).
-13
Let n(i) = -15*i - 66. Suppose 0 = -h + 3, 0*g - 2*h - 4 = 2*g. Determine n(g).
9
Let o(w) be the second derivative of w**5/30 + w**4/6 - w**3/3 - 77*w**2/2 + 135*w. Let j(p) be the first derivative of o(p). Give j(-6).
46
Suppose 12 - 12 = -l. Suppose 14*m - 39 - 59 = l. Let v(o) = 2*o**2 - 11*o + 5. Give v(m).
26
Let m(i) = 3*i**2 + 40*i + 41. Let f be m(-1). Let t(w) = -2*w - 2*w**2 - 3 + w**3 + 0*w**2 + 6 - 4*w. Determine t(f).
11
Let d be (-87)/15 - (-154)/(-770). Let j(s) = 12*s**2 + 3 + 3*s**3 - 3*s - 5*s**2 - 2*s**3 + 8*s. Give j(d).
9
Suppose -3*k - 3*l + 4 = -l, 4*k - 2*l = 24. Suppose -k*r - 18 = -2. Let y(j) = -7459 + 14940 - 7475 + j**2 + 5*j. Give y(r).
2
Let j(q) be the second derivative of q**4/8 + 5*q**3/6 + 65*q**2/2 + 9*q - 2. Let h(r) be the first derivative of j(r). Give h(-3).
-4
Let s(r) = r**3 + 6*r**2 - 15*r + 6. Let y(v) = 3*v**3 + 19*v**2 - 43*v + 18. Let b(l) = 11*s(l) - 4*y(l). What is b(-10)?
-76
Let v(z) = -z**2 + 11*z + 20. Let a(q) = -q**2 - 242*q + 11. Let l be a(0). Give v(l).
20
Let o(d) = 19*d - 5. Let p(t) = 10*t + 2. Let j(u) = -11*u - 1. Let c(x) = -6*j(x) - 5*p(x). Let s(z) = 6*c(z) - 5*o(z). Calculate s(6).
7
Suppose 0 = -121*g + 144*g + 115. Let j(q) = -q**2 - 3*q + 9. What is j(g)?
-1
Let c(b) = -b**2 - 6*b + 11. Let m(h) = h**3 - 15*h - 26. Suppose 0 = -5*w - 2*t - 11, -2*t - 3 + 4 = w. Let s be m(w). Determine c(s).
-5
Let z = 18 + -15. Let p be z/(-2) - (-8)/16. Let y be p/2*2*(-4)/(-1). Let w(f) = -f**2 - 6*f - 4. Calculate w(y).
4
Let l(t) = t**2 + 3*t + 3. Let i(q) = 2*q**3 - 7*q**2 + q - 14. Let j be i(4). Suppose 4*m - j = -18. Calculate l(m).
3
Suppose 0 = -2*n + 5*l - 4*l + 17, -3*l - 21 = -3*n. Let c be 30/20 - (n/4 + -3). Let z(q) = -2*q**3 - 2*q**2 + 2*q - 1. What is z(c)?
-21
Let l(u) = 7*u**2 - 51*u - 5. Let c(f) = -f**2 + 11*f + 1. Let m(k) = 11*c(k) + 2*l(k). What is m(-6)?
-5
Let x(v) = v + 6. Let o(u) = -2*u + 11. Let p be o(-2). Suppose -3*m + 25 = 2*d, 4*m + p = 8*m - d. What is x(m)?
11
Let b(m) = 16*m**2 - 10*m**2 + 7*m**2 - 2*m + 15*m**2 + 1. Suppose 20*w - 55*w + 7 + 28 = 0. Determine b(w).
27
Let k(n) be the third derivative of 